{"id":16368,"date":"2026-02-25T16:44:41","date_gmt":"2026-02-25T15:44:41","guid":{"rendered":"https:\/\/www.jazzinstitut.de\/?post_type=tribe_events&#038;p=16368"},"modified":"2026-03-19T17:23:16","modified_gmt":"2026-03-19T16:23:16","slug":"voices-of-change-lecture-cool","status":"publish","type":"tribe_events","link":"http:\/\/www.jazzinstitut.de\/en\/jazzkalender-konzert\/voices-of-change-lecture-cool\/","title":{"rendered":"Voices of Change Lecture:  &#8222;Cool. Jazz als Gegenkultur.&#8220;"},"content":{"rendered":"<p>Wie geht man in Zeiten zunehmender gesellschaftlicher Polarisierung mit divergenten, widerstreitenden Haltungen und Meinungen um? Und in welcher Weise verh\u00e4lt sich Jazz und improvisierende Musik dazu? Welchen Beitrag leistet diese Musik in Praxis und Theorie im Diskurs um Politisierung von Kunst und Kultur. Historisch wie aktuell. Dieser Frage geht diese Veranstaltungsreihe des Jazzinstituts nach, die sich zwischen Januar und Juni 2026 mit einer Serie von Ausstellungen, Vortr\u00e4gen, Lecture Performances, Musikergespr\u00e4chen und Konzerten mit dem Thema Jazz und Demokratie besch\u00e4ftigt.<\/p>\n<p style=\"padding-left: 40px;\"><a href=\"https:\/\/www.jazzinstitut.de\/wp-content\/uploads\/2026\/03\/2026_03_26_BraeseStephan_by_Wilfried_Heckmann.jpg\"><img loading=\"lazy\" decoding=\"async\" class=\"alignleft size-thumbnail wp-image-16453\" src=\"https:\/\/www.jazzinstitut.de\/wp-content\/uploads\/2026\/03\/2026_03_26_BraeseStephan_by_Wilfried_Heckmann-150x150.jpg\" alt=\"\" width=\"150\" height=\"150\" \/><\/a>Vor der Folie der aktuell im Jazzinstitut gezeigten Ausstellung &#8222;Voices of Change&#8220; findet heute im Gew\u00f6lbekeller des Jazzinstituts ein Vortrag des Literaturwissenschaftlers Stephan Braese mit dem Titel &#8222;Cool \u2013\u00a0 Jazz als Gegenkultur im westlichen Nachkriegsdeutschland&#8220;. Braese ist Professor f\u00fcr Europ\u00e4isch-j\u00fcdische Literatur- und Kulturgeschichte an der RWTH Aachen und u.a. Autor des hochgelobten Buches &#8222;Cool \u2013 Jazz als Gegenkultur im westlichen Nachkriegsdeutschland&#8220; (M\u00fcnchen: edition text + kritik 2024).<\/p>","protected":false},"excerpt":{"rendered":"<p>Wie geht man in Zeiten zunehmender gesellschaftlicher Polarisierung mit divergenten, widerstreitenden Haltungen und Meinungen um? Und in welcher Weise verh\u00e4lt sich Jazz und improvisierende Musik dazu? Welchen Beitrag leistet diese &hellip; <a href=\"http:\/\/www.jazzinstitut.de\/en\/jazzkalender-konzert\/voices-of-change-lecture-cool\/\" class=\"more-link\">Continue reading <span class=\"screen-reader-text\">Voices of Change Lecture:  &#8222;Cool. Jazz als Gegenkultur.&#8220;<\/span> <span class=\"meta-nav\">&rarr;<\/span><\/a><\/p>","protected":false},"author":1,"featured_media":16164,"template":"","meta":{"_tribe_events_status":"","_tribe_events_status_reason":"","footnotes":""},"tags":[59,22,1214,60,1211,338],"tribe_events_cat":[173,110,1118],"class_list":["post-16368","tribe_events","type-tribe_events","status-publish","has-post-thumbnail","hentry","tag-darmstadt","tag-jazz","tag-jazz-und-demokratie","tag-jazzinstitut","tag-voices-of-change","tag-vortrag","tribe_events_cat-barrierefrei-mit-anmeldung","tribe_events_cat-konzertreihe","tribe_events_cat-lesung","cat_barrierefrei-mit-anmeldung","cat_konzertreihe","cat_lesung"],"_links":{"self":[{"href":"http:\/\/www.jazzinstitut.de\/en\/wp-json\/wp\/v2\/tribe_events\/16368","targetHints":{"allow":["GET"]}}],"collection":[{"href":"http:\/\/www.jazzinstitut.de\/en\/wp-json\/wp\/v2\/tribe_events"}],"about":[{"href":"http:\/\/www.jazzinstitut.de\/en\/wp-json\/wp\/v2\/types\/tribe_events"}],"author":[{"embeddable":true,"href":"http:\/\/www.jazzinstitut.de\/en\/wp-json\/wp\/v2\/users\/1"}],"version-history":[{"count":7,"href":"http:\/\/www.jazzinstitut.de\/en\/wp-json\/wp\/v2\/tribe_events\/16368\/revisions"}],"predecessor-version":[{"id":16566,"href":"http:\/\/www.jazzinstitut.de\/en\/wp-json\/wp\/v2\/tribe_events\/16368\/revisions\/16566"}],"wp:featuredmedia":[{"embeddable":true,"href":"http:\/\/www.jazzinstitut.de\/en\/wp-json\/wp\/v2\/media\/16164"}],"wp:attachment":[{"href":"http:\/\/www.jazzinstitut.de\/en\/wp-json\/wp\/v2\/media?parent=16368"}],"wp:term":[{"taxonomy":"post_tag","embeddable":true,"href":"http:\/\/www.jazzinstitut.de\/en\/wp-json\/wp\/v2\/tags?post=16368"},{"taxonomy":"tribe_events_cat","embeddable":true,"href":"http:\/\/www.jazzinstitut.de\/en\/wp-json\/wp\/v2\/tribe_events_cat?post=16368"}],"curies":[{"name":"wp","href":"https:\/\/api.w.org\/{rel}","templated":true}]}}

<p>Wie geht man in Zeiten zunehmender gesellschaftlicher Polarisierung mit divergenten, widerstreitenden Haltungen und Meinungen um? Und in welcher Weise verhält sich Jazz und improvisierende Musik dazu? Welchen Beitrag leistet diese Musik in Praxis und Theorie im Diskurs um Politisierung von Kunst und Kultur. Historisch wie aktuell. Dieser Frage geht diese Veranstaltungsreihe des Jazzinstituts nach, die sich zwischen Januar und Juni 2026 mit einer Serie von Ausstellungen, Vorträgen, Lecture Performances, Musikergesprächen und Konzerten mit dem Thema Jazz und Demokratie beschäftigt.</p>
<p style="padding-left: 40px;"><a href="https://www.jazzinstitut.de/wp-content/uploads/2026/03/2026_03_26_BraeseStephan_by_Wilfried_Heckmann.jpg"><img loading="lazy" decoding="async" class="alignleft size-thumbnail wp-image-16453" src="https://www.jazzinstitut.de/wp-content/uploads/2026/03/2026_03_26_BraeseStephan_by_Wilfried_Heckmann-150x150.jpg" alt="" width="150" height="150" /></a>Vor der Folie der aktuell im Jazzinstitut gezeigten Ausstellung &#8222;Voices of Change&#8220; findet heute im Gewölbekeller des Jazzinstituts ein Vortrag des Literaturwissenschaftlers Stephan Braese mit dem Titel &#8222;Cool –  Jazz als Gegenkultur im westlichen Nachkriegsdeutschland&#8220;. Braese ist Professor für Europäisch-jüdische Literatur- und Kulturgeschichte an der RWTH Aachen und u.a. Autor des hochgelobten Buches &#8222;Cool – Jazz als Gegenkultur im westlichen Nachkriegsdeutschland&#8220; (München: edition text + kritik 2024).</p>

<p>Wie geht man in Zeiten zunehmender gesellschaftlicher Polarisierung mit divergenten, widerstreitenden Haltungen und Meinungen um? Und in welcher Weise verhält sich Jazz und improvisierende Musik dazu? Welchen Beitrag leistet diese &hellip; <a href="http://www.jazzinstitut.de/en/jazzkalender-konzert/voices-of-change-lecture-cool/" class="more-link">Continue reading <span class="screen-reader-text">Voices of Change Lecture:  &#8222;Cool. Jazz als Gegenkultur.&#8220;</span> <span class="meta-nav">&rarr;</span></a></p>
