{"id":16391,"date":"2026-02-26T13:34:27","date_gmt":"2026-02-26T12:34:27","guid":{"rendered":"https:\/\/www.jazzinstitut.de\/?post_type=tribe_events&#038;p=16391"},"modified":"2026-04-13T16:51:08","modified_gmt":"2026-04-13T14:51:08","slug":"swinging-tuxedos-feat-petra-bassus","status":"publish","type":"tribe_events","link":"http:\/\/www.jazzinstitut.de\/en\/jazzkalender-konzert\/swinging-tuxedos-feat-petra-bassus\/","title":{"rendered":"Swinging Tuxedos feat. Petra Bassus"},"content":{"rendered":"<p>Zum Tag der Musik des Hessischen Rundfunks hat jedes Mitglied der Band vier Favoriten aus dem schier unersch\u00f6pflichen Repertoire der Tuxedos ausgew\u00e4hlt. Das ergab ein\u00a0 Programm, das die mehr als 20 Jahre der Band beleuchtet, nicht immer in sich stimmig ist,\u00a0 aber \u00e4u\u00dferst abwechslungsreich mit einigen \u00dcberraschungen daherkommt. Weit \u00fcber Swing hinaus bietet es gleichzeitig einen \u00dcberblick \u00fcber die unterschiedlichen Spielarten des Jazz.<\/p>","protected":false},"excerpt":{"rendered":"<p>Zum Tag der Musik des Hessischen Rundfunks hat jedes Mitglied der Band vier Favoriten aus dem schier unersch\u00f6pflichen Repertoire der Tuxedos ausgew\u00e4hlt. Das ergab ein\u00a0 Programm, das die mehr als &hellip; <a href=\"http:\/\/www.jazzinstitut.de\/en\/jazzkalender-konzert\/swinging-tuxedos-feat-petra-bassus\/\" class=\"more-link\">Continue reading <span class=\"screen-reader-text\">Swinging Tuxedos feat. Petra Bassus<\/span> <span class=\"meta-nav\">&rarr;<\/span><\/a><\/p>","protected":false},"author":1,"featured_media":12338,"template":"","meta":{"_tribe_events_status":"","_tribe_events_status_reason":"","footnotes":""},"tags":[1203,59,22,51,1106,141],"tribe_events_cat":[111,1210],"class_list":["post-16391","tribe_events","type-tribe_events","status-publish","has-post-thumbnail","hentry","tag-agora-am-ostbahnhof","tag-darmstadt","tag-jazz","tag-konzert","tag-musikland-hessen","tag-swing","tribe_events_cat-clubkonzert","tribe_events_cat-spende","cat_clubkonzert","cat_spende"],"_links":{"self":[{"href":"http:\/\/www.jazzinstitut.de\/en\/wp-json\/wp\/v2\/tribe_events\/16391","targetHints":{"allow":["GET"]}}],"collection":[{"href":"http:\/\/www.jazzinstitut.de\/en\/wp-json\/wp\/v2\/tribe_events"}],"about":[{"href":"http:\/\/www.jazzinstitut.de\/en\/wp-json\/wp\/v2\/types\/tribe_events"}],"author":[{"embeddable":true,"href":"http:\/\/www.jazzinstitut.de\/en\/wp-json\/wp\/v2\/users\/1"}],"version-history":[{"count":3,"href":"http:\/\/www.jazzinstitut.de\/en\/wp-json\/wp\/v2\/tribe_events\/16391\/revisions"}],"predecessor-version":[{"id":16632,"href":"http:\/\/www.jazzinstitut.de\/en\/wp-json\/wp\/v2\/tribe_events\/16391\/revisions\/16632"}],"wp:featuredmedia":[{"embeddable":true,"href":"http:\/\/www.jazzinstitut.de\/en\/wp-json\/wp\/v2\/media\/12338"}],"wp:attachment":[{"href":"http:\/\/www.jazzinstitut.de\/en\/wp-json\/wp\/v2\/media?parent=16391"}],"wp:term":[{"taxonomy":"post_tag","embeddable":true,"href":"http:\/\/www.jazzinstitut.de\/en\/wp-json\/wp\/v2\/tags?post=16391"},{"taxonomy":"tribe_events_cat","embeddable":true,"href":"http:\/\/www.jazzinstitut.de\/en\/wp-json\/wp\/v2\/tribe_events_cat?post=16391"}],"curies":[{"name":"wp","href":"https:\/\/api.w.org\/{rel}","templated":true}]}}

<p>Zum Tag der Musik des Hessischen Rundfunks hat jedes Mitglied der Band vier Favoriten aus dem schier unerschöpflichen Repertoire der Tuxedos ausgewählt. Das ergab ein  Programm, das die mehr als 20 Jahre der Band beleuchtet, nicht immer in sich stimmig ist,  aber äußerst abwechslungsreich mit einigen Überraschungen daherkommt. Weit über Swing hinaus bietet es gleichzeitig einen Überblick über die unterschiedlichen Spielarten des Jazz.</p>

<p>Zum Tag der Musik des Hessischen Rundfunks hat jedes Mitglied der Band vier Favoriten aus dem schier unerschöpflichen Repertoire der Tuxedos ausgewählt. Das ergab ein  Programm, das die mehr als &hellip; <a href="http://www.jazzinstitut.de/en/jazzkalender-konzert/swinging-tuxedos-feat-petra-bassus/" class="more-link">Continue reading <span class="screen-reader-text">Swinging Tuxedos feat. Petra Bassus</span> <span class="meta-nav">&rarr;</span></a></p>
