{"id":15450,"date":"2025-07-21T16:12:23","date_gmt":"2025-07-21T14:12:23","guid":{"rendered":"https:\/\/www.jazzinstitut.de\/?post_type=tribe_events&#038;p=15450"},"modified":"2025-08-27T16:06:13","modified_gmt":"2025-08-27T14:06:13","slug":"19-darmstaedter-jazzforum-michael-wollny-emile-parisien","status":"publish","type":"tribe_events","link":"https:\/\/www.jazzinstitut.de\/en\/jazzkalender-konzert\/19-darmstaedter-jazzforum-michael-wollny-emile-parisien\/","title":{"rendered":"19. Darmst\u00e4dter Jazzforum: Michael Wollny &#038; \u00c9mile Parisien"},"content":{"rendered":"<p>Ein ganzer Kosmos aus Einfl\u00fcssen, Ideen und Eingebungen; ein meisterhafter Dialog zweier au\u00dfergew\u00f6hnlicher K\u00fcnstler des europ\u00e4ischen Jazz!<\/p>\n<p>Der deutsche Pianist Michael Wollny und der franz\u00f6sische Sopransaxofonist \u00c9mile Parisien sind \u201espiritual brothers\u201c, Seelenverwandte. Beide gelten zweifellos als stil-pr\u00e4gende Vertreter ihrer Instrumente \u2013 im Jazz und weit \u00fcber dessen Grenzen hinaus. Beiden gelingt es, aus den unterschiedlichsten musikalischen Einfl\u00fcssen, von Jazz dies- und jenseits des Atlantiks, Klassik, Pop, Neuer Musik, Avantgarde und Mainstream immer wieder neue, unerwartete Ereignisse zu kreieren. Und beide sind Meister des Moments, verstehen es aufs Sensibelste, sich auf ihr Gegen\u00fcber einzulassen und im Austausch mit diesem immer un-geh\u00f6rte Musik entstehen zu lassen.<\/p>\n<p>Wollny und Parisien kennen einander schon lange und so breit wie ihr musikalisches Spektrum ist auch die Palette der bisherigen gemeinsamen Projekte. Diese reicht vom Quartett \u201eOut of Land\u201c zusammen mit S\u00e4nger Andreas Schaerer und Akkordeonist Vincent Peirani, \u00fcber das international gefeierte, vollkommen freie, elektro-akustische Projekt \u201eXXXX\u201c zusammen mit Drummer Christian Lillinger und Bassist Tim Lefebvre bis zu aufsehenerregenden Special Projects wie Wollnys \u201eBau.Haus.Klang\u201c anl\u00e4sslich 100 Jahren der legend\u00e4ren Design-Schule und Kollaborationen von \u00c9mile Parisien mit Michael Wollnys Trio. Und so war es wohl nur eine Frage der Zeit, bis sich Wollny und Parisien einem gemeinsamen Duo zuwenden w\u00fcrden \u2013 dem wohl intimsten, offensten und zugleich vielleicht herausforderndsten Format der musikalischen Interaktion. Ein ganzer Kosmos aus Einfl\u00fcssen, Ideen, Eingebungen. Und ein meisterhafter Dialog zweier au\u00dfergew\u00f6hnlicher K\u00fcnstler des europ\u00e4ischen Jazz.<a href=\"https:\/\/www.jazzinstitut.de\/wp-content\/uploads\/2025\/07\/unterstuetzer_jazzforum_2025-1.png\"><img loading=\"lazy\" decoding=\"async\" class=\"aligncenter wp-image-15639 size-full\" src=\"https:\/\/www.jazzinstitut.de\/wp-content\/uploads\/2025\/07\/unterstuetzer_jazzforum_2025-1.png\" alt=\"\" width=\"1200\" height=\"600\" srcset=\"https:\/\/www.jazzinstitut.de\/wp-content\/uploads\/2025\/07\/unterstuetzer_jazzforum_2025-1.png 1200w, https:\/\/www.jazzinstitut.de\/wp-content\/uploads\/2025\/07\/unterstuetzer_jazzforum_2025-1-300x150.png 300w, https:\/\/www.jazzinstitut.de\/wp-content\/uploads\/2025\/07\/unterstuetzer_jazzforum_2025-1-1024x512.png 1024w, https:\/\/www.jazzinstitut.de\/wp-content\/uploads\/2025\/07\/unterstuetzer_jazzforum_2025-1-768x384.png 768w, https:\/\/www.jazzinstitut.de\/wp-content\/uploads\/2025\/07\/unterstuetzer_jazzforum_2025-1-18x9.png 18w\" sizes=\"auto, (max-width: 1200px) 100vw, 1200px\" \/><\/a><\/p>","protected":false},"excerpt":{"rendered":"<p>Ein ganzer Kosmos aus Einfl\u00fcssen, Ideen und Eingebungen; ein meisterhafter Dialog zweier au\u00dfergew\u00f6hnlicher K\u00fcnstler des europ\u00e4ischen Jazz! Der deutsche Pianist Michael Wollny und der franz\u00f6sische Sopransaxofonist \u00c9mile Parisien sind \u201espiritual &hellip; <a href=\"https:\/\/www.jazzinstitut.de\/en\/jazzkalender-konzert\/19-darmstaedter-jazzforum-michael-wollny-emile-parisien\/\" class=\"more-link\">Continue reading <span class=\"screen-reader-text\">19. Darmst\u00e4dter Jazzforum: Michael Wollny &#038; \u00c9mile Parisien<\/span> <span class=\"meta-nav\">&rarr;<\/span><\/a><\/p>","protected":false},"author":1,"featured_media":15452,"template":"","meta":{"_tribe_events_status":"","_tribe_events_status_reason":"","footnotes":""},"tags":[119,29,22,51,1151],"tribe_events_cat":[107,111,109,110],"class_list":["post-15450","tribe_events","type-tribe_events","status-publish","has-post-thumbnail","hentry","tag-centralstation","tag-darmstaedter-jazzforum","tag-jazz","tag-konzert","tag-universal-consciousness","tribe_events_cat-barrierefrei","tribe_events_cat-clubkonzert","tribe_events_cat-festival","tribe_events_cat-konzertreihe","cat_barrierefrei","cat_clubkonzert","cat_festival","cat_konzertreihe"],"_links":{"self":[{"href":"https:\/\/www.jazzinstitut.de\/en\/wp-json\/wp\/v2\/tribe_events\/15450","targetHints":{"allow":["GET"]}}],"collection":[{"href":"https:\/\/www.jazzinstitut.de\/en\/wp-json\/wp\/v2\/tribe_events"}],"about":[{"href":"https:\/\/www.jazzinstitut.de\/en\/wp-json\/wp\/v2\/types\/tribe_events"}],"author":[{"embeddable":true,"href":"https:\/\/www.jazzinstitut.de\/en\/wp-json\/wp\/v2\/users\/1"}],"version-history":[{"count":12,"href":"https:\/\/www.jazzinstitut.de\/en\/wp-json\/wp\/v2\/tribe_events\/15450\/revisions"}],"predecessor-version":[{"id":15647,"href":"https:\/\/www.jazzinstitut.de\/en\/wp-json\/wp\/v2\/tribe_events\/15450\/revisions\/15647"}],"wp:featuredmedia":[{"embeddable":true,"href":"https:\/\/www.jazzinstitut.de\/en\/wp-json\/wp\/v2\/media\/15452"}],"wp:attachment":[{"href":"https:\/\/www.jazzinstitut.de\/en\/wp-json\/wp\/v2\/media?parent=15450"}],"wp:term":[{"taxonomy":"post_tag","embeddable":true,"href":"https:\/\/www.jazzinstitut.de\/en\/wp-json\/wp\/v2\/tags?post=15450"},{"taxonomy":"tribe_events_cat","embeddable":true,"href":"https:\/\/www.jazzinstitut.de\/en\/wp-json\/wp\/v2\/tribe_events_cat?post=15450"}],"curies":[{"name":"wp","href":"https:\/\/api.w.org\/{rel}","templated":true}]}}

19. Darmstädter Jazzforum: Michael Wollny &#038; Émile Parisien

<p>Ein ganzer Kosmos aus Einflüssen, Ideen und Eingebungen; ein meisterhafter Dialog zweier außergewöhnlicher Künstler des europäischen Jazz!</p>
<p>Der deutsche Pianist Michael Wollny und der französische Sopransaxofonist Émile Parisien sind „spiritual brothers“, Seelenverwandte. Beide gelten zweifellos als stil-prägende Vertreter ihrer Instrumente – im Jazz und weit über dessen Grenzen hinaus. Beiden gelingt es, aus den unterschiedlichsten musikalischen Einflüssen, von Jazz dies- und jenseits des Atlantiks, Klassik, Pop, Neuer Musik, Avantgarde und Mainstream immer wieder neue, unerwartete Ereignisse zu kreieren. Und beide sind Meister des Moments, verstehen es aufs Sensibelste, sich auf ihr Gegenüber einzulassen und im Austausch mit diesem immer un-gehörte Musik entstehen zu lassen.</p>
<p>Wollny und Parisien kennen einander schon lange und so breit wie ihr musikalisches Spektrum ist auch die Palette der bisherigen gemeinsamen Projekte. Diese reicht vom Quartett „Out of Land“ zusammen mit Sänger Andreas Schaerer und Akkordeonist Vincent Peirani, über das international gefeierte, vollkommen freie, elektro-akustische Projekt „XXXX“ zusammen mit Drummer Christian Lillinger und Bassist Tim Lefebvre bis zu aufsehenerregenden Special Projects wie Wollnys „Bau.Haus.Klang“ anlässlich 100 Jahren der legendären Design-Schule und Kollaborationen von Émile Parisien mit Michael Wollnys Trio. Und so war es wohl nur eine Frage der Zeit, bis sich Wollny und Parisien einem gemeinsamen Duo zuwenden würden – dem wohl intimsten, offensten und zugleich vielleicht herausforderndsten Format der musikalischen Interaktion. Ein ganzer Kosmos aus Einflüssen, Ideen, Eingebungen. Und ein meisterhafter Dialog zweier außergewöhnlicher Künstler des europäischen Jazz.<a href="https://www.jazzinstitut.de/wp-content/uploads/2025/07/unterstuetzer_jazzforum_2025-1.png"><img loading="lazy" decoding="async" class="aligncenter wp-image-15639 size-full" src="https://www.jazzinstitut.de/wp-content/uploads/2025/07/unterstuetzer_jazzforum_2025-1.png" alt="" width="1200" height="600" srcset="https://www.jazzinstitut.de/wp-content/uploads/2025/07/unterstuetzer_jazzforum_2025-1.png 1200w, https://www.jazzinstitut.de/wp-content/uploads/2025/07/unterstuetzer_jazzforum_2025-1-300x150.png 300w, https://www.jazzinstitut.de/wp-content/uploads/2025/07/unterstuetzer_jazzforum_2025-1-1024x512.png 1024w, https://www.jazzinstitut.de/wp-content/uploads/2025/07/unterstuetzer_jazzforum_2025-1-768x384.png 768w, https://www.jazzinstitut.de/wp-content/uploads/2025/07/unterstuetzer_jazzforum_2025-1-18x9.png 18w" sizes="auto, (max-width: 1200px) 100vw, 1200px" /></a></p>

<p>Ein ganzer Kosmos aus Einflüssen, Ideen und Eingebungen; ein meisterhafter Dialog zweier außergewöhnlicher Künstler des europäischen Jazz! Der deutsche Pianist Michael Wollny und der französische Sopransaxofonist Émile Parisien sind „spiritual &hellip; <a href="https://www.jazzinstitut.de/en/jazzkalender-konzert/19-darmstaedter-jazzforum-michael-wollny-emile-parisien/" class="more-link">Continue reading <span class="screen-reader-text">19. Darmstädter Jazzforum: Michael Wollny &#038; Émile Parisien</span> <span class="meta-nav">&rarr;</span></a></p>
