{"id":15616,"date":"2025-08-20T10:53:35","date_gmt":"2025-08-20T08:53:35","guid":{"rendered":"https:\/\/www.jazzinstitut.de\/?post_type=tribe_events&#038;p=15616"},"modified":"2025-08-20T10:53:35","modified_gmt":"2025-08-20T08:53:35","slug":"stephanie-wagners-outline-25","status":"publish","type":"tribe_events","link":"https:\/\/www.jazzinstitut.de\/en\/jazzkalender-konzert\/stephanie-wagners-outline-25\/","title":{"rendered":"Stephanie Wagners Outline 25"},"content":{"rendered":"<p>Im zweiten Jahr leitet die Jazzfl\u00f6tistin Stephanie Wagner die Band \u201eOutline 25\u201c in komplett neuer Besetzung \u2013 wie in jedem Jahr mit Mitgliedern des F\u00f6rdervereins: <strong>Stephanie Wagner<\/strong> | Querfl\u00f6te, Leitung, <strong>Deniz Alatas<\/strong> | Gitarre, <strong>Christoph Sch\u00f6psdau<\/strong> | Klavier, <strong>Udo Brenner<\/strong> | Kontrabass, <strong>Max Sonnabend<\/strong> | Schlagzeug<\/p>\n<div class=\"\">\n<p>Outline, was so viel wie Skizze oder \u00dcbersicht bedeutet, zeigt wie bunt und vielf\u00e4ltig die Szene in Darmstadt ist. Die Bandmitglieder pr\u00e4sentieren ihre Eigenkompositionen sowie Lieblingsst\u00fccke und Bekanntes in eigenem Arrangement.<\/p>\n<\/div>","protected":false},"excerpt":{"rendered":"<p>Im zweiten Jahr leitet die Jazzfl\u00f6tistin Stephanie Wagner die Band \u201eOutline 25\u201c in komplett neuer Besetzung \u2013 wie in jedem Jahr mit Mitgliedern des F\u00f6rdervereins: Stephanie Wagner | Querfl\u00f6te, Leitung, &hellip; <a href=\"https:\/\/www.jazzinstitut.de\/en\/jazzkalender-konzert\/stephanie-wagners-outline-25\/\" class=\"more-link\">Continue reading <span class=\"screen-reader-text\">Stephanie Wagners Outline 25<\/span> <span class=\"meta-nav\">&rarr;<\/span><\/a><\/p>","protected":false},"author":1,"featured_media":15617,"template":"","meta":{"_tribe_events_status":"","_tribe_events_status_reason":"","footnotes":""},"tags":[59,158,56,22,51],"tribe_events_cat":[173,111],"class_list":["post-15616","tribe_events","type-tribe_events","status-publish","has-post-thumbnail","hentry","tag-darmstadt","tag-foerderverein-jazz","tag-gewoelbekeller-unterm-jazzinstitut","tag-jazz","tag-konzert","tribe_events_cat-barrierefrei-mit-anmeldung","tribe_events_cat-clubkonzert","cat_barrierefrei-mit-anmeldung","cat_clubkonzert"],"_links":{"self":[{"href":"https:\/\/www.jazzinstitut.de\/en\/wp-json\/wp\/v2\/tribe_events\/15616","targetHints":{"allow":["GET"]}}],"collection":[{"href":"https:\/\/www.jazzinstitut.de\/en\/wp-json\/wp\/v2\/tribe_events"}],"about":[{"href":"https:\/\/www.jazzinstitut.de\/en\/wp-json\/wp\/v2\/types\/tribe_events"}],"author":[{"embeddable":true,"href":"https:\/\/www.jazzinstitut.de\/en\/wp-json\/wp\/v2\/users\/1"}],"version-history":[{"count":1,"href":"https:\/\/www.jazzinstitut.de\/en\/wp-json\/wp\/v2\/tribe_events\/15616\/revisions"}],"predecessor-version":[{"id":15618,"href":"https:\/\/www.jazzinstitut.de\/en\/wp-json\/wp\/v2\/tribe_events\/15616\/revisions\/15618"}],"wp:featuredmedia":[{"embeddable":true,"href":"https:\/\/www.jazzinstitut.de\/en\/wp-json\/wp\/v2\/media\/15617"}],"wp:attachment":[{"href":"https:\/\/www.jazzinstitut.de\/en\/wp-json\/wp\/v2\/media?parent=15616"}],"wp:term":[{"taxonomy":"post_tag","embeddable":true,"href":"https:\/\/www.jazzinstitut.de\/en\/wp-json\/wp\/v2\/tags?post=15616"},{"taxonomy":"tribe_events_cat","embeddable":true,"href":"https:\/\/www.jazzinstitut.de\/en\/wp-json\/wp\/v2\/tribe_events_cat?post=15616"}],"curies":[{"name":"wp","href":"https:\/\/api.w.org\/{rel}","templated":true}]}}

<p>Im zweiten Jahr leitet die Jazzflötistin Stephanie Wagner die Band „Outline 25“ in komplett neuer Besetzung – wie in jedem Jahr mit Mitgliedern des Fördervereins: <strong>Stephanie Wagner</strong> | Querflöte, Leitung, <strong>Deniz Alatas</strong> | Gitarre, <strong>Christoph Schöpsdau</strong> | Klavier, <strong>Udo Brenner</strong> | Kontrabass, <strong>Max Sonnabend</strong> | Schlagzeug</p>
<div class="">
<p>Outline, was so viel wie Skizze oder Übersicht bedeutet, zeigt wie bunt und vielfältig die Szene in Darmstadt ist. Die Bandmitglieder präsentieren ihre Eigenkompositionen sowie Lieblingsstücke und Bekanntes in eigenem Arrangement.</p>
</div>

<p>Im zweiten Jahr leitet die Jazzflötistin Stephanie Wagner die Band „Outline 25“ in komplett neuer Besetzung – wie in jedem Jahr mit Mitgliedern des Fördervereins: Stephanie Wagner | Querflöte, Leitung, &hellip; <a href="https://www.jazzinstitut.de/en/jazzkalender-konzert/stephanie-wagners-outline-25/" class="more-link">Continue reading <span class="screen-reader-text">Stephanie Wagners Outline 25</span> <span class="meta-nav">&rarr;</span></a></p>
