{"id":15619,"date":"2025-08-20T11:05:12","date_gmt":"2025-08-20T09:05:12","guid":{"rendered":"https:\/\/www.jazzinstitut.de\/?post_type=tribe_events&#038;p=15619"},"modified":"2025-08-20T11:10:21","modified_gmt":"2025-08-20T09:10:21","slug":"alexander-von-schlippenbach-trio","status":"publish","type":"tribe_events","link":"https:\/\/www.jazzinstitut.de\/en\/jazzkalender-konzert\/alexander-von-schlippenbach-trio\/","title":{"rendered":"Alexander von Schlippenbach Trio"},"content":{"rendered":"<p>Das Schlippenbach-Trio ist seit ziemlich genau 55 Jahren eine Institution in der europ\u00e4ischen improvisierten Musikszene. Alexander von Schlippenbach gr\u00fcndete das Trio 1970 mit Evan Parker am Saxophon und Paul Lovens. Neben unz\u00e4hligen Auftritten auf verschiedenen Kontinenten gingen sie jedes Jahr im Dezember in dieser Konstellation auf ihre ber\u00fchmte europ\u00e4ische Winterreise.<\/p>\n<div class=\"\">\n<p>Im Jahr 2020 vollzog sich ein Generationswechsel in der Besetzung des Trios, als der Klarinettist Rudi Mahall und der norwegische Schlagzeuger Dag Magnus Narvesen zu Schlippenbach stie\u00dfen. In diesem Jahr pr\u00e4sentiert sich das Trio in dieser neuen Zusammensetzung zum ersten Mal im Darmst\u00e4dter Institutskeller.<\/p>\n<\/div>","protected":false},"excerpt":{"rendered":"<p>Das Schlippenbach-Trio ist seit ziemlich genau 55 Jahren eine Institution in der europ\u00e4ischen improvisierten Musikszene. Alexander von Schlippenbach gr\u00fcndete das Trio 1970 mit Evan Parker am Saxophon und Paul Lovens. &hellip; <a href=\"https:\/\/www.jazzinstitut.de\/en\/jazzkalender-konzert\/alexander-von-schlippenbach-trio\/\" class=\"more-link\">Continue reading <span class=\"screen-reader-text\">Alexander von Schlippenbach Trio<\/span> <span class=\"meta-nav\">&rarr;<\/span><\/a><\/p>","protected":false},"author":1,"featured_media":13647,"template":"","meta":{"_tribe_events_status":"","_tribe_events_status_reason":"","footnotes":""},"tags":[59,56,22,51],"tribe_events_cat":[173,111],"class_list":["post-15619","tribe_events","type-tribe_events","status-publish","has-post-thumbnail","hentry","tag-darmstadt","tag-gewoelbekeller-unterm-jazzinstitut","tag-jazz","tag-konzert","tribe_events_cat-barrierefrei-mit-anmeldung","tribe_events_cat-clubkonzert","cat_barrierefrei-mit-anmeldung","cat_clubkonzert"],"_links":{"self":[{"href":"https:\/\/www.jazzinstitut.de\/en\/wp-json\/wp\/v2\/tribe_events\/15619","targetHints":{"allow":["GET"]}}],"collection":[{"href":"https:\/\/www.jazzinstitut.de\/en\/wp-json\/wp\/v2\/tribe_events"}],"about":[{"href":"https:\/\/www.jazzinstitut.de\/en\/wp-json\/wp\/v2\/types\/tribe_events"}],"author":[{"embeddable":true,"href":"https:\/\/www.jazzinstitut.de\/en\/wp-json\/wp\/v2\/users\/1"}],"version-history":[{"count":5,"href":"https:\/\/www.jazzinstitut.de\/en\/wp-json\/wp\/v2\/tribe_events\/15619\/revisions"}],"predecessor-version":[{"id":15624,"href":"https:\/\/www.jazzinstitut.de\/en\/wp-json\/wp\/v2\/tribe_events\/15619\/revisions\/15624"}],"wp:featuredmedia":[{"embeddable":true,"href":"https:\/\/www.jazzinstitut.de\/en\/wp-json\/wp\/v2\/media\/13647"}],"wp:attachment":[{"href":"https:\/\/www.jazzinstitut.de\/en\/wp-json\/wp\/v2\/media?parent=15619"}],"wp:term":[{"taxonomy":"post_tag","embeddable":true,"href":"https:\/\/www.jazzinstitut.de\/en\/wp-json\/wp\/v2\/tags?post=15619"},{"taxonomy":"tribe_events_cat","embeddable":true,"href":"https:\/\/www.jazzinstitut.de\/en\/wp-json\/wp\/v2\/tribe_events_cat?post=15619"}],"curies":[{"name":"wp","href":"https:\/\/api.w.org\/{rel}","templated":true}]}}

<p>Das Schlippenbach-Trio ist seit ziemlich genau 55 Jahren eine Institution in der europäischen improvisierten Musikszene. Alexander von Schlippenbach gründete das Trio 1970 mit Evan Parker am Saxophon und Paul Lovens. Neben unzähligen Auftritten auf verschiedenen Kontinenten gingen sie jedes Jahr im Dezember in dieser Konstellation auf ihre berühmte europäische Winterreise.</p>
<div class="">
<p>Im Jahr 2020 vollzog sich ein Generationswechsel in der Besetzung des Trios, als der Klarinettist Rudi Mahall und der norwegische Schlagzeuger Dag Magnus Narvesen zu Schlippenbach stießen. In diesem Jahr präsentiert sich das Trio in dieser neuen Zusammensetzung zum ersten Mal im Darmstädter Institutskeller.</p>
</div>

<p>Das Schlippenbach-Trio ist seit ziemlich genau 55 Jahren eine Institution in der europäischen improvisierten Musikszene. Alexander von Schlippenbach gründete das Trio 1970 mit Evan Parker am Saxophon und Paul Lovens. &hellip; <a href="https://www.jazzinstitut.de/en/jazzkalender-konzert/alexander-von-schlippenbach-trio/" class="more-link">Continue reading <span class="screen-reader-text">Alexander von Schlippenbach Trio</span> <span class="meta-nav">&rarr;</span></a></p>
