{"id":16567,"date":"2026-03-19T17:20:38","date_gmt":"2026-03-19T16:20:38","guid":{"rendered":"https:\/\/www.jazzinstitut.de\/?post_type=tribe_events&#038;p=16567"},"modified":"2026-04-02T15:24:57","modified_gmt":"2026-04-02T13:24:57","slug":"voices-of-change-lecture-performance-peter-evans","status":"publish","type":"tribe_events","link":"https:\/\/www.jazzinstitut.de\/en\/jazzkalender-konzert\/voices-of-change-lecture-performance-peter-evans\/","title":{"rendered":"Voices of Change Lecture Performance: Peter Evans"},"content":{"rendered":"<p>Wie geht man in Zeiten zunehmender gesellschaftlicher Polarisierung mit divergenten, widerstreitenden Haltungen und Meinungen um? Und in welcher Weise verh\u00e4lt sich Jazz und improvisierende Musik dazu? Welchen Beitrag leistet diese Musik in Praxis und Theorie im Diskurs um Politisierung von Kunst und Kultur. Historisch wie aktuell. Dieser Frage geht diese Veranstaltungsreihe des Jazzinstituts nach, die sich zwischen Januar und Juni 2026 mit einer Serie von Ausstellungen, Vortr\u00e4gen, Lecture Performances, Musikergespr\u00e4chen und Konzerten mit dem Thema Jazz und Demokratie besch\u00e4ftigt.<\/p>\n<p style=\"padding-left: 80px;\"><a href=\"https:\/\/www.jazzinstitut.de\/wp-content\/uploads\/2022\/01\/2022_03_14_Peter_Evans_by_Peter_Gannushkin-e1644310792457.jpg\"><img loading=\"lazy\" decoding=\"async\" class=\"size-thumbnail wp-image-10570 alignleft\" src=\"https:\/\/www.jazzinstitut.de\/wp-content\/uploads\/2022\/01\/2022_03_14_Peter_Evans_by_Peter_Gannushkin-e1644310792457-150x150.jpg\" alt=\"\" width=\"150\" height=\"150\" \/><\/a>Der in New York lebende Trompeter, Komponist und Improvisator Peter Evans z\u00e4hlt zu den pr\u00e4genden Stimmen der internationalen Improvisationsszene. Seit den fr\u00fchen 2000er-Jahren entwickelt er radikal eigenst\u00e4ndige Formen des Solospiels und verbindet Jazz, Neue Musik und experimentelle Praxis. Mit zahlreichen Ensembles und preisgekr\u00f6nten Projekten \u2013 sowie als Solist auf internationalen B\u00fchnen \u2013 lotet er kontinuierlich neue musikalische M\u00f6glichkeiten aus, immer wieder auch in Darmstadt, z.B. bei den Ferienkursen.<\/p>\n<p>In seiner Archiv-Residenz am Jazzinstitut Darmstadt widmet sich Evans der Fr\u00fchgeschichte improvisierter Soloperformance \u2013 von Coleman Hawkins \u00fcber Eric Dolphy bis zu Anthony Braxton \u2013 und verfolgt deren Spuren in Europa und Japan bis in die Gegenwart.<\/p>\n<p>Au\u00dferdem wird er am 16. April einen Workshop an der Darmst\u00e4dter Justus-Liebig-Schule mit Sch\u00fcler*innen von Christoph Sch\u00f6psdau gestalten, an dem auch Musiksch\u00fcler*innen der Akademie f\u00fcr Tonkunst sowie der Jazz &amp; Pop School von Uli Partheil teilnehmen.<\/p>\n<p>Anschlie\u00dfend stellt Peter Evans seine Recherchen \u00f6ffentlich im Rahmen einer Lecture Performance (in englischer Sprache!)\u00a0im Gew\u00f6lbekeller des Jazzinstituts vor. Darin verbindet er Einblicke in seine k\u00fcnstlerische Forschung mit musikalischen Beispielen aus seiner Praxis der Solo-Improvisation f\u00fcr Trompete.<\/p>","protected":false},"excerpt":{"rendered":"<p>Wie geht man in Zeiten zunehmender gesellschaftlicher Polarisierung mit divergenten, widerstreitenden Haltungen und Meinungen um? Und in welcher Weise verh\u00e4lt sich Jazz und improvisierende Musik dazu? Welchen Beitrag leistet diese &hellip; <a href=\"https:\/\/www.jazzinstitut.de\/en\/jazzkalender-konzert\/voices-of-change-lecture-performance-peter-evans\/\" class=\"more-link\">Continue reading <span class=\"screen-reader-text\">Voices of Change Lecture Performance: Peter Evans<\/span> <span class=\"meta-nav\">&rarr;<\/span><\/a><\/p>","protected":false},"author":1,"featured_media":16164,"template":"","meta":{"_tribe_events_status":"","_tribe_events_status_reason":"","footnotes":""},"tags":[59,65,22,1214,60,1215,1211],"tribe_events_cat":[173,111,110,1069,1118],"class_list":["post-16567","tribe_events","type-tribe_events","status-publish","has-post-thumbnail","hentry","tag-darmstadt","tag-improvisation","tag-jazz","tag-jazz-und-demokratie","tag-jazzinstitut","tag-lecture-performance","tag-voices-of-change","tribe_events_cat-barrierefrei-mit-anmeldung","tribe_events_cat-clubkonzert","tribe_events_cat-konzertreihe","tribe_events_cat-kuenstlerinnengespraech","tribe_events_cat-lesung","cat_barrierefrei-mit-anmeldung","cat_clubkonzert","cat_konzertreihe","cat_kuenstlerinnengespraech","cat_lesung"],"_links":{"self":[{"href":"https:\/\/www.jazzinstitut.de\/en\/wp-json\/wp\/v2\/tribe_events\/16567","targetHints":{"allow":["GET"]}}],"collection":[{"href":"https:\/\/www.jazzinstitut.de\/en\/wp-json\/wp\/v2\/tribe_events"}],"about":[{"href":"https:\/\/www.jazzinstitut.de\/en\/wp-json\/wp\/v2\/types\/tribe_events"}],"author":[{"embeddable":true,"href":"https:\/\/www.jazzinstitut.de\/en\/wp-json\/wp\/v2\/users\/1"}],"version-history":[{"count":13,"href":"https:\/\/www.jazzinstitut.de\/en\/wp-json\/wp\/v2\/tribe_events\/16567\/revisions"}],"predecessor-version":[{"id":16602,"href":"https:\/\/www.jazzinstitut.de\/en\/wp-json\/wp\/v2\/tribe_events\/16567\/revisions\/16602"}],"wp:featuredmedia":[{"embeddable":true,"href":"https:\/\/www.jazzinstitut.de\/en\/wp-json\/wp\/v2\/media\/16164"}],"wp:attachment":[{"href":"https:\/\/www.jazzinstitut.de\/en\/wp-json\/wp\/v2\/media?parent=16567"}],"wp:term":[{"taxonomy":"post_tag","embeddable":true,"href":"https:\/\/www.jazzinstitut.de\/en\/wp-json\/wp\/v2\/tags?post=16567"},{"taxonomy":"tribe_events_cat","embeddable":true,"href":"https:\/\/www.jazzinstitut.de\/en\/wp-json\/wp\/v2\/tribe_events_cat?post=16567"}],"curies":[{"name":"wp","href":"https:\/\/api.w.org\/{rel}","templated":true}]}}

<p>Wie geht man in Zeiten zunehmender gesellschaftlicher Polarisierung mit divergenten, widerstreitenden Haltungen und Meinungen um? Und in welcher Weise verhält sich Jazz und improvisierende Musik dazu? Welchen Beitrag leistet diese Musik in Praxis und Theorie im Diskurs um Politisierung von Kunst und Kultur. Historisch wie aktuell. Dieser Frage geht diese Veranstaltungsreihe des Jazzinstituts nach, die sich zwischen Januar und Juni 2026 mit einer Serie von Ausstellungen, Vorträgen, Lecture Performances, Musikergesprächen und Konzerten mit dem Thema Jazz und Demokratie beschäftigt.</p>
<p style="padding-left: 80px;"><a href="https://www.jazzinstitut.de/wp-content/uploads/2022/01/2022_03_14_Peter_Evans_by_Peter_Gannushkin-e1644310792457.jpg"><img loading="lazy" decoding="async" class="size-thumbnail wp-image-10570 alignleft" src="https://www.jazzinstitut.de/wp-content/uploads/2022/01/2022_03_14_Peter_Evans_by_Peter_Gannushkin-e1644310792457-150x150.jpg" alt="" width="150" height="150" /></a>Der in New York lebende Trompeter, Komponist und Improvisator Peter Evans zählt zu den prägenden Stimmen der internationalen Improvisationsszene. Seit den frühen 2000er-Jahren entwickelt er radikal eigenständige Formen des Solospiels und verbindet Jazz, Neue Musik und experimentelle Praxis. Mit zahlreichen Ensembles und preisgekrönten Projekten – sowie als Solist auf internationalen Bühnen – lotet er kontinuierlich neue musikalische Möglichkeiten aus, immer wieder auch in Darmstadt, z.B. bei den Ferienkursen.</p>
<p>In seiner Archiv-Residenz am Jazzinstitut Darmstadt widmet sich Evans der Frühgeschichte improvisierter Soloperformance – von Coleman Hawkins über Eric Dolphy bis zu Anthony Braxton – und verfolgt deren Spuren in Europa und Japan bis in die Gegenwart.</p>
<p>Außerdem wird er am 16. April einen Workshop an der Darmstädter Justus-Liebig-Schule mit Schüler*innen von Christoph Schöpsdau gestalten, an dem auch Musikschüler*innen der Akademie für Tonkunst sowie der Jazz &amp; Pop School von Uli Partheil teilnehmen.</p>
<p>Anschließend stellt Peter Evans seine Recherchen öffentlich im Rahmen einer Lecture Performance (in englischer Sprache!) im Gewölbekeller des Jazzinstituts vor. Darin verbindet er Einblicke in seine künstlerische Forschung mit musikalischen Beispielen aus seiner Praxis der Solo-Improvisation für Trompete.</p>

<p>Wie geht man in Zeiten zunehmender gesellschaftlicher Polarisierung mit divergenten, widerstreitenden Haltungen und Meinungen um? Und in welcher Weise verhält sich Jazz und improvisierende Musik dazu? Welchen Beitrag leistet diese &hellip; <a href="https://www.jazzinstitut.de/en/jazzkalender-konzert/voices-of-change-lecture-performance-peter-evans/" class="more-link">Continue reading <span class="screen-reader-text">Voices of Change Lecture Performance: Peter Evans</span> <span class="meta-nav">&rarr;</span></a></p>
